{"version":"1.0","provider_name":"Catalan Food Latam","provider_url":"https:\/\/catalanfood.com\/latam","author_name":"02740f57436b","author_url":"https:\/\/catalanfood.com\/latam\/author\/02740f57436b\/","title":"Noticias y Eventos | Catalan Food Latam","type":"rich","width":600,"height":338,"html":"<blockquote class=\"wp-embedded-content\" data-secret=\"et8iM1XEwH\"><a href=\"https:\/\/catalanfood.com\/latam\/noticias-y-eventos\/\">Noticias y Eventos<\/a><\/blockquote><iframe sandbox=\"allow-scripts\" security=\"restricted\" src=\"https:\/\/catalanfood.com\/latam\/noticias-y-eventos\/embed\/#?secret=et8iM1XEwH\" width=\"600\" height=\"338\" title=\"\u00abNoticias y Eventos\u00bb \u2014 Catalan Food Latam\" data-secret=\"et8iM1XEwH\" frameborder=\"0\" marginwidth=\"0\" marginheight=\"0\" scrolling=\"no\" class=\"wp-embedded-content\"><\/iframe><script>\n\/*! This file is auto-generated *\/\n!function(d,l){\"use strict\";l.querySelector&&d.addEventListener&&\"undefined\"!=typeof URL&&(d.wp=d.wp||{},d.wp.receiveEmbedMessage||(d.wp.receiveEmbedMessage=function(e){var t=e.data;if((t||t.secret||t.message||t.value)&&!\/[^a-zA-Z0-9]\/.test(t.secret)){for(var s,r,n,a=l.querySelectorAll('iframe[data-secret=\"'+t.secret+'\"]'),o=l.querySelectorAll('blockquote[data-secret=\"'+t.secret+'\"]'),c=new RegExp(\"^https?:$\",\"i\"),i=0;i<o.length;i++)o[i].style.display=\"none\";for(i=0;i<a.length;i++)s=a[i],e.source===s.contentWindow&&(s.removeAttribute(\"style\"),\"height\"===t.message?(1e3<(r=parseInt(t.value,10))?r=1e3:~~r<200&&(r=200),s.height=r):\"link\"===t.message&&(r=new URL(s.getAttribute(\"src\")),n=new URL(t.value),c.test(n.protocol))&&n.host===r.host&&l.activeElement===s&&(d.top.location.href=t.value))}},d.addEventListener(\"message\",d.wp.receiveEmbedMessage,!1),l.addEventListener(\"DOMContentLoaded\",function(){for(var e,t,s=l.querySelectorAll(\"iframe.wp-embedded-content\"),r=0;r<s.length;r++)(t=(e=s[r]).getAttribute(\"data-secret\"))||(t=Math.random().toString(36).substring(2,12),e.src+=\"#?secret=\"+t,e.setAttribute(\"data-secret\",t)),e.contentWindow.postMessage({message:\"ready\",secret:t},\"*\")},!1)))}(window,document);\n\/\/# sourceURL=https:\/\/catalanfood.com\/latam\/wp-includes\/js\/wp-embed.min.js\n<\/script>\n","description":"Home Noticias y Eventos Estas son las noticias y eventos que Prodeca organiza en Latinoam\u00e9rica. DESTACADAS Lista Cuadr\u00edcula Filtra por Eventos Todo Categor\u00edas Gastronomy Todo Filtra por Eventos Todo Categor\u00edas Gastronomy Todo Filtra por Eventos Todo Categor\u00edas Gastronomy Todo Filtra por Eventos Todo Categor\u00edas Gastronomy Todo Discover the latest innovations in Catalan gastronomy","thumbnail_url":"https:\/\/catalanfood.com\/latam\/wp-content\/uploads\/sites\/6\/2024\/12\/3-iPad-Pro-Mockup-copia2-1024x1014.png"}

Home Noticias y Eventos Estas son las noticias y eventos que Prodeca organiza en Latinoamérica. DESTACADAS Lista Cuadrícula Filtra por Eventos Todo Categorías Gastronomy Todo Filtra por Eventos Todo Categorías Gastronomy Todo Filtra por Eventos Todo Categorías Gastronomy Todo Filtra por Eventos Todo Categorías Gastronomy Todo Discover the latest innovations in Catalan gastronomy
