{"id":1806,"date":"2023-11-09T11:23:50","date_gmt":"2023-11-09T10:23:50","guid":{"rendered":"https:\/\/catalanfood.us\/?p=1176"},"modified":"2025-03-07T17:06:51","modified_gmt":"2025-03-07T16:06:51","slug":"pa-amb-tomaquet","status":"publish","type":"recipe","link":"https:\/\/catalanfood.com\/latam\/recipe\/pa-amb-tomaquet\/","title":{"rendered":"Pa Amb Tom\u00e0quet"},"content":{"rendered":"\n<p><strong>Pan Con Tomate<\/strong><\/p>\n\n\n\n<p><br>Hay ciertos elementos de la cocina catalana que hablan de qui\u00e9nes somos y de d\u00f3nde venimos, y pa amb tom\u00e0quet lo dice todo. Transmite una sensaci\u00f3n de cocina consciente del desperdicio y de lo m\u00e1s b\u00e1sico: pan, aceite de oliva, sal marina y una variedad especial de tomates \u00abcolgantes\u00bb conocidos como tom\u00e0quets de penjar. Ya sea para desayunar, comer, cenar o merendar, cualquier momento es bueno para el pa amb tom\u00e0quet. A menudo se sirve con carne, pescado, embutido o simplemente solo. Los catalanes pueden poner casi cualquier cosa en el pan -aceite de oliva y az\u00facar, vino y az\u00facar, o aceite de oliva y chocolate-, pero el pa amb tom\u00e0quet es supremo.<\/p>\n\n\n\n<h3 class=\"wp-block-heading\">HISTORIA<\/h3>\n\n\n\n<p>Aunque se desconoce el origen exacto del pa amb tom\u00e0quet, podemos buscar una explicaci\u00f3n cre\u00edble en N\u00e8stor Luj\u00e1n. La tesis de Luj\u00e1n afirma que un a\u00f1o, tras una cosecha de tomates especialmente abundante en las zonas m\u00e1s rurales de Catalu\u00f1a, la gente empez\u00f3 a remojar el pan seco en el jugo y la pulpa de la fruta, sin desperdiciar nada. La idea de una cocina consciente del desperdicio es parte integrante de la historia catalana, como se ha visto una y otra vez.<\/p>\n\n\n\n<h3 class=\"wp-block-heading\">TRADICIONES<\/h3>\n\n\n\n<p><strong>EL TOMATE DE COLGAR, UNA VARIEDAD TRADICIONAL CATALANA<\/strong><\/p>\n\n\n\n<p>El tomate de colgar es una planta milenaria que se ha adaptado a las particulares condiciones clim\u00e1ticas de els Paisos Catalans. Aunque existen diversas variedades, su principal atributo es que no han sido modificadas gen\u00e9ticamente, a diferencia de muchas otras tomateras modernas, por lo que siguen siendo gen\u00e9ticamente id\u00e9nticas a sus antepasados silvestres. Por desgracia, estas variedades son minoritarias, pero gracias a su sabor, textura y aroma, as\u00ed como a su asociaci\u00f3n con la agricultura local y sostenible frente a los m\u00e9todos industriales, su demanda sigue creciendo.<br>El t\u00e9rmino \u00abcolgar\u00bb, o, de penjar, en tom\u00e0quets de penjar describe la conservaci\u00f3n de la planta tras la cosecha: un grupo de quince a treinta tomates se anudan, se ensartan en manojos y luego se cuelgan.<\/p>\n","protected":false},"excerpt":{"rendered":"<p>Hay ciertos elementos de la cocina catalana que hablan de qui\u00e9nes somos y de d\u00f3nde venimos, y pa amb tom\u00e0quet lo dice todo.<\/p>\n","protected":false},"featured_media":4828,"template":"","meta":{"_acf_changed":false},"class_list":["post-1806","recipe","type-recipe","status-publish","has-post-thumbnail","hentry"],"acf":[],"yoast_head":"<!-- This site is optimized with the Yoast SEO plugin v27.1.1 - https:\/\/yoast.com\/product\/yoast-seo-wordpress\/ -->\n<title>Pa Amb Tom\u00e0quet | Catalan Food Latam<\/title>\n<meta name=\"robots\" content=\"index, follow, max-snippet:-1, max-image-preview:large, max-video-preview:-1\" \/>\n<link rel=\"canonical\" href=\"https:\/\/catalanfood.com\/latam\/recipe\/pa-amb-tomaquet\/\" \/>\n<meta property=\"og:locale\" content=\"es_ES\" \/>\n<meta property=\"og:type\" content=\"article\" \/>\n<meta property=\"og:title\" content=\"Pa Amb Tom\u00e0quet | Catalan Food Latam\" \/>\n<meta property=\"og:description\" content=\"Hay ciertos elementos de la cocina catalana que hablan de qui\u00e9nes somos y de d\u00f3nde venimos, y pa amb tom\u00e0quet lo dice todo.\" \/>\n<meta property=\"og:url\" content=\"https:\/\/catalanfood.com\/latam\/recipe\/pa-amb-tomaquet\/\" \/>\n<meta property=\"og:site_name\" content=\"Catalan Food Latam\" \/>\n<meta property=\"article:modified_time\" content=\"2025-03-07T16:06:51+00:00\" \/>\n<meta property=\"og:image\" content=\"https:\/\/catalanfood.com\/latam\/wp-content\/uploads\/sites\/6\/2023\/11\/pa-amb-tomaquet-catalan-tomato-bread-catalanfood.webp\" \/>\n\t<meta property=\"og:image:width\" content=\"800\" \/>\n\t<meta property=\"og:image:height\" content=\"600\" \/>\n\t<meta property=\"og:image:type\" content=\"image\/webp\" \/>\n<meta name=\"twitter:card\" content=\"summary_large_image\" \/>\n<meta name=\"twitter:label1\" content=\"Tiempo de lectura\" \/>\n\t<meta name=\"twitter:data1\" content=\"2 minutos\" \/>\n<script type=\"application\/ld+json\" class=\"yoast-schema-graph\">{\"@context\":\"https:\/\/schema.org\",\"@graph\":[{\"@type\":\"WebPage\",\"@id\":\"https:\/\/catalanfood.com\/latam\/recipe\/pa-amb-tomaquet\/\",\"url\":\"https:\/\/catalanfood.com\/latam\/recipe\/pa-amb-tomaquet\/\",\"name\":\"Pa Amb Tom\u00e0quet | Catalan Food Latam\",\"isPartOf\":{\"@id\":\"https:\/\/catalanfood.com\/latam\/#website\"},\"primaryImageOfPage\":{\"@id\":\"https:\/\/catalanfood.com\/latam\/recipe\/pa-amb-tomaquet\/#primaryimage\"},\"image\":{\"@id\":\"https:\/\/catalanfood.com\/latam\/recipe\/pa-amb-tomaquet\/#primaryimage\"},\"thumbnailUrl\":\"https:\/\/catalanfood.com\/latam\/wp-content\/uploads\/sites\/6\/2023\/11\/pa-amb-tomaquet-catalan-tomato-bread-catalanfood.webp\",\"datePublished\":\"2023-11-09T10:23:50+00:00\",\"dateModified\":\"2025-03-07T16:06:51+00:00\",\"breadcrumb\":{\"@id\":\"https:\/\/catalanfood.com\/latam\/recipe\/pa-amb-tomaquet\/#breadcrumb\"},\"inLanguage\":\"es\",\"potentialAction\":[{\"@type\":\"ReadAction\",\"target\":[\"https:\/\/catalanfood.com\/latam\/recipe\/pa-amb-tomaquet\/\"]}]},{\"@type\":\"ImageObject\",\"inLanguage\":\"es\",\"@id\":\"https:\/\/catalanfood.com\/latam\/recipe\/pa-amb-tomaquet\/#primaryimage\",\"url\":\"https:\/\/catalanfood.com\/latam\/wp-content\/uploads\/sites\/6\/2023\/11\/pa-amb-tomaquet-catalan-tomato-bread-catalanfood.webp\",\"contentUrl\":\"https:\/\/catalanfood.com\/latam\/wp-content\/uploads\/sites\/6\/2023\/11\/pa-amb-tomaquet-catalan-tomato-bread-catalanfood.webp\",\"width\":800,\"height\":600,\"caption\":\"Recipes Pa amb tomaquet catalan tomato bread by catalanfood\"},{\"@type\":\"BreadcrumbList\",\"@id\":\"https:\/\/catalanfood.com\/latam\/recipe\/pa-amb-tomaquet\/#breadcrumb\",\"itemListElement\":[{\"@type\":\"ListItem\",\"position\":1,\"name\":\"Home\",\"item\":\"https:\/\/catalanfood.com\/latam\/\"},{\"@type\":\"ListItem\",\"position\":2,\"name\":\"Pa Amb Tom\u00e0quet\"}]},{\"@type\":\"WebSite\",\"@id\":\"https:\/\/catalanfood.com\/latam\/#website\",\"url\":\"https:\/\/catalanfood.com\/latam\/\",\"name\":\"Catalan Food Latam\",\"description\":\"\",\"potentialAction\":[{\"@type\":\"SearchAction\",\"target\":{\"@type\":\"EntryPoint\",\"urlTemplate\":\"https:\/\/catalanfood.com\/latam\/?s={search_term_string}\"},\"query-input\":{\"@type\":\"PropertyValueSpecification\",\"valueRequired\":true,\"valueName\":\"search_term_string\"}}],\"inLanguage\":\"es\"}]}<\/script>\n<!-- \/ Yoast SEO plugin. -->","yoast_head_json":{"title":"Pa Amb Tom\u00e0quet | Catalan Food Latam","robots":{"index":"index","follow":"follow","max-snippet":"max-snippet:-1","max-image-preview":"max-image-preview:large","max-video-preview":"max-video-preview:-1"},"canonical":"https:\/\/catalanfood.com\/latam\/recipe\/pa-amb-tomaquet\/","og_locale":"es_ES","og_type":"article","og_title":"Pa Amb Tom\u00e0quet | Catalan Food Latam","og_description":"Hay ciertos elementos de la cocina catalana que hablan de qui\u00e9nes somos y de d\u00f3nde venimos, y pa amb tom\u00e0quet lo dice todo.","og_url":"https:\/\/catalanfood.com\/latam\/recipe\/pa-amb-tomaquet\/","og_site_name":"Catalan Food Latam","article_modified_time":"2025-03-07T16:06:51+00:00","og_image":[{"width":800,"height":600,"url":"https:\/\/catalanfood.com\/latam\/wp-content\/uploads\/sites\/6\/2023\/11\/pa-amb-tomaquet-catalan-tomato-bread-catalanfood.webp","type":"image\/webp"}],"twitter_card":"summary_large_image","twitter_misc":{"Tiempo de lectura":"2 minutos"},"schema":{"@context":"https:\/\/schema.org","@graph":[{"@type":"WebPage","@id":"https:\/\/catalanfood.com\/latam\/recipe\/pa-amb-tomaquet\/","url":"https:\/\/catalanfood.com\/latam\/recipe\/pa-amb-tomaquet\/","name":"Pa Amb Tom\u00e0quet | Catalan Food Latam","isPartOf":{"@id":"https:\/\/catalanfood.com\/latam\/#website"},"primaryImageOfPage":{"@id":"https:\/\/catalanfood.com\/latam\/recipe\/pa-amb-tomaquet\/#primaryimage"},"image":{"@id":"https:\/\/catalanfood.com\/latam\/recipe\/pa-amb-tomaquet\/#primaryimage"},"thumbnailUrl":"https:\/\/catalanfood.com\/latam\/wp-content\/uploads\/sites\/6\/2023\/11\/pa-amb-tomaquet-catalan-tomato-bread-catalanfood.webp","datePublished":"2023-11-09T10:23:50+00:00","dateModified":"2025-03-07T16:06:51+00:00","breadcrumb":{"@id":"https:\/\/catalanfood.com\/latam\/recipe\/pa-amb-tomaquet\/#breadcrumb"},"inLanguage":"es","potentialAction":[{"@type":"ReadAction","target":["https:\/\/catalanfood.com\/latam\/recipe\/pa-amb-tomaquet\/"]}]},{"@type":"ImageObject","inLanguage":"es","@id":"https:\/\/catalanfood.com\/latam\/recipe\/pa-amb-tomaquet\/#primaryimage","url":"https:\/\/catalanfood.com\/latam\/wp-content\/uploads\/sites\/6\/2023\/11\/pa-amb-tomaquet-catalan-tomato-bread-catalanfood.webp","contentUrl":"https:\/\/catalanfood.com\/latam\/wp-content\/uploads\/sites\/6\/2023\/11\/pa-amb-tomaquet-catalan-tomato-bread-catalanfood.webp","width":800,"height":600,"caption":"Recipes Pa amb tomaquet catalan tomato bread by catalanfood"},{"@type":"BreadcrumbList","@id":"https:\/\/catalanfood.com\/latam\/recipe\/pa-amb-tomaquet\/#breadcrumb","itemListElement":[{"@type":"ListItem","position":1,"name":"Home","item":"https:\/\/catalanfood.com\/latam\/"},{"@type":"ListItem","position":2,"name":"Pa Amb Tom\u00e0quet"}]},{"@type":"WebSite","@id":"https:\/\/catalanfood.com\/latam\/#website","url":"https:\/\/catalanfood.com\/latam\/","name":"Catalan Food Latam","description":"","potentialAction":[{"@type":"SearchAction","target":{"@type":"EntryPoint","urlTemplate":"https:\/\/catalanfood.com\/latam\/?s={search_term_string}"},"query-input":{"@type":"PropertyValueSpecification","valueRequired":true,"valueName":"search_term_string"}}],"inLanguage":"es"}]}},"_links":{"self":[{"href":"https:\/\/catalanfood.com\/latam\/wp-json\/wp\/v2\/recipe\/1806","targetHints":{"allow":["GET"]}}],"collection":[{"href":"https:\/\/catalanfood.com\/latam\/wp-json\/wp\/v2\/recipe"}],"about":[{"href":"https:\/\/catalanfood.com\/latam\/wp-json\/wp\/v2\/types\/recipe"}],"version-history":[{"count":2,"href":"https:\/\/catalanfood.com\/latam\/wp-json\/wp\/v2\/recipe\/1806\/revisions"}],"predecessor-version":[{"id":7395,"href":"https:\/\/catalanfood.com\/latam\/wp-json\/wp\/v2\/recipe\/1806\/revisions\/7395"}],"wp:featuredmedia":[{"embeddable":true,"href":"https:\/\/catalanfood.com\/latam\/wp-json\/wp\/v2\/media\/4828"}],"wp:attachment":[{"href":"https:\/\/catalanfood.com\/latam\/wp-json\/wp\/v2\/media?parent=1806"}],"curies":[{"name":"wp","href":"https:\/\/api.w.org\/{rel}","templated":true}]}}

Pa Amb Tomàquet

<p><strong>Pan Con Tomate</strong></p>



<p><br>Hay ciertos elementos de la cocina catalana que hablan de quiénes somos y de dónde venimos, y pa amb tomàquet lo dice todo. Transmite una sensación de cocina consciente del desperdicio y de lo más básico: pan, aceite de oliva, sal marina y una variedad especial de tomates «colgantes» conocidos como tomàquets de penjar. Ya sea para desayunar, comer, cenar o merendar, cualquier momento es bueno para el pa amb tomàquet. A menudo se sirve con carne, pescado, embutido o simplemente solo. Los catalanes pueden poner casi cualquier cosa en el pan -aceite de oliva y azúcar, vino y azúcar, o aceite de oliva y chocolate-, pero el pa amb tomàquet es supremo.</p>



<h3 class="wp-block-heading">HISTORIA</h3>



<p>Aunque se desconoce el origen exacto del pa amb tomàquet, podemos buscar una explicación creíble en Nèstor Luján. La tesis de Luján afirma que un año, tras una cosecha de tomates especialmente abundante en las zonas más rurales de Cataluña, la gente empezó a remojar el pan seco en el jugo y la pulpa de la fruta, sin desperdiciar nada. La idea de una cocina consciente del desperdicio es parte integrante de la historia catalana, como se ha visto una y otra vez.</p>



<h3 class="wp-block-heading">TRADICIONES</h3>



<p><strong>EL TOMATE DE COLGAR, UNA VARIEDAD TRADICIONAL CATALANA</strong></p>



<p>El tomate de colgar es una planta milenaria que se ha adaptado a las particulares condiciones climáticas de els Paisos Catalans. Aunque existen diversas variedades, su principal atributo es que no han sido modificadas genéticamente, a diferencia de muchas otras tomateras modernas, por lo que siguen siendo genéticamente idénticas a sus antepasados silvestres. Por desgracia, estas variedades son minoritarias, pero gracias a su sabor, textura y aroma, así como a su asociación con la agricultura local y sostenible frente a los métodos industriales, su demanda sigue creciendo.<br>El término «colgar», o, de penjar, en tomàquets de penjar describe la conservación de la planta tras la cosecha: un grupo de quince a treinta tomates se anudan, se ensartan en manojos y luego se cuelgan.</p>

<p>Hay ciertos elementos de la cocina catalana que hablan de quiénes somos y de dónde venimos, y pa amb tomàquet lo dice todo.</p>

<!-- This site is optimized with the Yoast SEO plugin v27.1.1 - https://yoast.com/product/yoast-seo-wordpress/ -->
<title>Pa Amb Tomàquet | Catalan Food Latam</title>
<meta name="robots" content="index, follow, max-snippet:-1, max-image-preview:large, max-video-preview:-1" />
<link rel="canonical" href="https://catalanfood.com/latam/recipe/pa-amb-tomaquet/" />
<meta property="og:locale" content="es_ES" />
<meta property="og:type" content="article" />
<meta property="og:title" content="Pa Amb Tomàquet | Catalan Food Latam" />
<meta property="og:description" content="Hay ciertos elementos de la cocina catalana que hablan de quiénes somos y de dónde venimos, y pa amb tomàquet lo dice todo." />
<meta property="og:url" content="https://catalanfood.com/latam/recipe/pa-amb-tomaquet/" />
<meta property="og:site_name" content="Catalan Food Latam" />
<meta property="article:modified_time" content="2025-03-07T16:06:51+00:00" />
<meta property="og:image" content="https://catalanfood.com/latam/wp-content/uploads/sites/6/2023/11/pa-amb-tomaquet-catalan-tomato-bread-catalanfood.webp" />
	<meta property="og:image:width" content="800" />
	<meta property="og:image:height" content="600" />
	<meta property="og:image:type" content="image/webp" />
<meta name="twitter:card" content="summary_large_image" />
<meta name="twitter:label1" content="Tiempo de lectura" />
	<meta name="twitter:data1" content="2 minutos" />
<script type="application/ld+json" class="yoast-schema-graph">{"@context":"https://schema.org","@graph":[{"@type":"WebPage","@id":"https://catalanfood.com/latam/recipe/pa-amb-tomaquet/","url":"https://catalanfood.com/latam/recipe/pa-amb-tomaquet/","name":"Pa Amb Tomàquet | Catalan Food Latam","isPartOf":{"@id":"https://catalanfood.com/latam/#website"},"primaryImageOfPage":{"@id":"https://catalanfood.com/latam/recipe/pa-amb-tomaquet/#primaryimage"},"image":{"@id":"https://catalanfood.com/latam/recipe/pa-amb-tomaquet/#primaryimage"},"thumbnailUrl":"https://catalanfood.com/latam/wp-content/uploads/sites/6/2023/11/pa-amb-tomaquet-catalan-tomato-bread-catalanfood.webp","datePublished":"2023-11-09T10:23:50+00:00","dateModified":"2025-03-07T16:06:51+00:00","breadcrumb":{"@id":"https://catalanfood.com/latam/recipe/pa-amb-tomaquet/#breadcrumb"},"inLanguage":"es","potentialAction":[{"@type":"ReadAction","target":["https://catalanfood.com/latam/recipe/pa-amb-tomaquet/"]}]},{"@type":"ImageObject","inLanguage":"es","@id":"https://catalanfood.com/latam/recipe/pa-amb-tomaquet/#primaryimage","url":"https://catalanfood.com/latam/wp-content/uploads/sites/6/2023/11/pa-amb-tomaquet-catalan-tomato-bread-catalanfood.webp","contentUrl":"https://catalanfood.com/latam/wp-content/uploads/sites/6/2023/11/pa-amb-tomaquet-catalan-tomato-bread-catalanfood.webp","width":800,"height":600,"caption":"Recipes Pa amb tomaquet catalan tomato bread by catalanfood"},{"@type":"BreadcrumbList","@id":"https://catalanfood.com/latam/recipe/pa-amb-tomaquet/#breadcrumb","itemListElement":[{"@type":"ListItem","position":1,"name":"Home","item":"https://catalanfood.com/latam/"},{"@type":"ListItem","position":2,"name":"Pa Amb Tomàquet"}]},{"@type":"WebSite","@id":"https://catalanfood.com/latam/#website","url":"https://catalanfood.com/latam/","name":"Catalan Food Latam","description":"","potentialAction":[{"@type":"SearchAction","target":{"@type":"EntryPoint","urlTemplate":"https://catalanfood.com/latam/?s={search_term_string}"},"query-input":{"@type":"PropertyValueSpecification","valueRequired":true,"valueName":"search_term_string"}}],"inLanguage":"es"}]}</script>
<!-- / Yoast SEO plugin. -->

Pa Amb Tomàquet | Catalan Food Latam

Hay ciertos elementos de la cocina catalana que hablan de quiénes somos y de dónde venimos, y pa amb tomàquet lo dice todo.
