{"id":4973,"date":"2024-06-14T20:01:10","date_gmt":"2024-06-14T18:01:10","guid":{"rendered":"https:\/\/catalanfood.us\/?p=4973"},"modified":"2025-03-07T17:03:01","modified_gmt":"2025-03-07T16:03:01","slug":"fricando","status":"publish","type":"recipe","link":"https:\/\/catalanfood.com\/latam\/recipe\/fricando\/","title":{"rendered":"Fricand\u00f3"},"content":{"rendered":"\n<p>La cocina catalana no es conocida por grandes aportaciones a la cocina de la carne de buey, sin recetas como el boeuf bourguignon que pasen a la historia. Sin embargo, ha sabido transformar carnes picantes y humildes con mala fama -como la falda- en guisos que siguen dando que hablar por combinar horas de cocci\u00f3n lenta, un chorrito de vino, el aroma de las especias y una picada deliciosa. Los primeros escritos sobre el fricand\u00f3 datan del siglo XVIII, pero sus antecedentes se remontan a la Edad Media.<\/p>\n\n\n\n<p><strong>Platillos<\/strong><br>En Catalu\u00f1a, los platillos son un conjunto de recetas casi extinguidas que anta\u00f1o engalanaban las celebraciones de las fiestas mayores. Estas ceremoniosas recetas se preparaban el d\u00eda anterior con carne de ternera, menudillos, sofritos y picadas, todo ello cocinado muy lentamente. Los platillos sol\u00edan servirse acompa\u00f1ados de verduras o setas, as\u00ed como de un buen trozo de pan para mojar en el guiso. El fricand\u00f3 es uno de estos platillos.<\/p>\n\n\n\n<h3 class=\"wp-block-heading\">HISTORIA<\/h3>\n\n\n\n<p><strong>\u00bfQu\u00e9 son las Festes Majors?<\/strong><br>Las Festes Majors son celebraciones anuales en las que cada pueblo festeja a su patr\u00f3n o celebra un momento importante de su historia o tradici\u00f3n. Las Festes Majors son fiestas callejeras informales meticulosamente planificadas a lo largo del a\u00f1o por los vecinos de las asociaciones de vecinos. Se encargan de decorar las calles principales y de organizar eventos con artistas y comercios locales. Es una oportunidad para pasar tiempo con la comunidad de vecinos, lo que contribuye a crear el ambiente festivo e informal que caracteriza a estos eventos.<\/p>\n","protected":false},"excerpt":{"rendered":"<p>La cocina catalana no es conocida por grandes aportaciones a la cocina de la carne de buey, sin recetas como el boeuf bourguignon que pasen a la historia.<\/p>\n","protected":false},"featured_media":4991,"template":"","meta":{"_acf_changed":false},"class_list":["post-4973","recipe","type-recipe","status-publish","has-post-thumbnail","hentry"],"acf":[],"yoast_head":"<!-- This site is optimized with the Yoast SEO plugin v27.1.1 - https:\/\/yoast.com\/product\/yoast-seo-wordpress\/ -->\n<title>Fricand\u00f3 | Catalan Food Latam<\/title>\n<meta name=\"robots\" content=\"index, follow, max-snippet:-1, max-image-preview:large, max-video-preview:-1\" \/>\n<link rel=\"canonical\" href=\"https:\/\/catalanfood.com\/latam\/recipe\/fricando\/\" \/>\n<meta property=\"og:locale\" content=\"es_ES\" \/>\n<meta property=\"og:type\" content=\"article\" \/>\n<meta property=\"og:title\" content=\"Fricand\u00f3 | Catalan Food Latam\" \/>\n<meta property=\"og:description\" content=\"La cocina catalana no es conocida por grandes aportaciones a la cocina de la carne de buey, sin recetas como el boeuf bourguignon que pasen a la historia.\" \/>\n<meta property=\"og:url\" content=\"https:\/\/catalanfood.com\/latam\/recipe\/fricando\/\" \/>\n<meta property=\"og:site_name\" content=\"Catalan Food Latam\" \/>\n<meta property=\"article:modified_time\" content=\"2025-03-07T16:03:01+00:00\" \/>\n<meta property=\"og:image\" content=\"https:\/\/catalanfood.com\/latam\/wp-content\/uploads\/sites\/6\/2024\/06\/fricando-catalanfood.webp\" \/>\n\t<meta property=\"og:image:width\" content=\"800\" \/>\n\t<meta property=\"og:image:height\" content=\"600\" \/>\n\t<meta property=\"og:image:type\" content=\"image\/webp\" \/>\n<meta name=\"twitter:card\" content=\"summary_large_image\" \/>\n<meta name=\"twitter:label1\" content=\"Tiempo de lectura\" \/>\n\t<meta name=\"twitter:data1\" content=\"2 minutos\" \/>\n<script type=\"application\/ld+json\" class=\"yoast-schema-graph\">{\"@context\":\"https:\/\/schema.org\",\"@graph\":[{\"@type\":\"WebPage\",\"@id\":\"https:\/\/catalanfood.com\/latam\/recipe\/fricando\/\",\"url\":\"https:\/\/catalanfood.com\/latam\/recipe\/fricando\/\",\"name\":\"Fricand\u00f3 | Catalan Food Latam\",\"isPartOf\":{\"@id\":\"https:\/\/catalanfood.com\/latam\/#website\"},\"primaryImageOfPage\":{\"@id\":\"https:\/\/catalanfood.com\/latam\/recipe\/fricando\/#primaryimage\"},\"image\":{\"@id\":\"https:\/\/catalanfood.com\/latam\/recipe\/fricando\/#primaryimage\"},\"thumbnailUrl\":\"https:\/\/catalanfood.com\/latam\/wp-content\/uploads\/sites\/6\/2024\/06\/fricando-catalanfood.webp\",\"datePublished\":\"2024-06-14T18:01:10+00:00\",\"dateModified\":\"2025-03-07T16:03:01+00:00\",\"breadcrumb\":{\"@id\":\"https:\/\/catalanfood.com\/latam\/recipe\/fricando\/#breadcrumb\"},\"inLanguage\":\"es\",\"potentialAction\":[{\"@type\":\"ReadAction\",\"target\":[\"https:\/\/catalanfood.com\/latam\/recipe\/fricando\/\"]}]},{\"@type\":\"ImageObject\",\"inLanguage\":\"es\",\"@id\":\"https:\/\/catalanfood.com\/latam\/recipe\/fricando\/#primaryimage\",\"url\":\"https:\/\/catalanfood.com\/latam\/wp-content\/uploads\/sites\/6\/2024\/06\/fricando-catalanfood.webp\",\"contentUrl\":\"https:\/\/catalanfood.com\/latam\/wp-content\/uploads\/sites\/6\/2024\/06\/fricando-catalanfood.webp\",\"width\":800,\"height\":600,\"caption\":\"Fricando catalanfood\"},{\"@type\":\"BreadcrumbList\",\"@id\":\"https:\/\/catalanfood.com\/latam\/recipe\/fricando\/#breadcrumb\",\"itemListElement\":[{\"@type\":\"ListItem\",\"position\":1,\"name\":\"Home\",\"item\":\"https:\/\/catalanfood.com\/latam\/\"},{\"@type\":\"ListItem\",\"position\":2,\"name\":\"Fricand\u00f3\"}]},{\"@type\":\"WebSite\",\"@id\":\"https:\/\/catalanfood.com\/latam\/#website\",\"url\":\"https:\/\/catalanfood.com\/latam\/\",\"name\":\"Catalan Food Latam\",\"description\":\"\",\"potentialAction\":[{\"@type\":\"SearchAction\",\"target\":{\"@type\":\"EntryPoint\",\"urlTemplate\":\"https:\/\/catalanfood.com\/latam\/?s={search_term_string}\"},\"query-input\":{\"@type\":\"PropertyValueSpecification\",\"valueRequired\":true,\"valueName\":\"search_term_string\"}}],\"inLanguage\":\"es\"}]}<\/script>\n<!-- \/ Yoast SEO plugin. -->","yoast_head_json":{"title":"Fricand\u00f3 | Catalan Food Latam","robots":{"index":"index","follow":"follow","max-snippet":"max-snippet:-1","max-image-preview":"max-image-preview:large","max-video-preview":"max-video-preview:-1"},"canonical":"https:\/\/catalanfood.com\/latam\/recipe\/fricando\/","og_locale":"es_ES","og_type":"article","og_title":"Fricand\u00f3 | Catalan Food Latam","og_description":"La cocina catalana no es conocida por grandes aportaciones a la cocina de la carne de buey, sin recetas como el boeuf bourguignon que pasen a la historia.","og_url":"https:\/\/catalanfood.com\/latam\/recipe\/fricando\/","og_site_name":"Catalan Food Latam","article_modified_time":"2025-03-07T16:03:01+00:00","og_image":[{"width":800,"height":600,"url":"https:\/\/catalanfood.com\/latam\/wp-content\/uploads\/sites\/6\/2024\/06\/fricando-catalanfood.webp","type":"image\/webp"}],"twitter_card":"summary_large_image","twitter_misc":{"Tiempo de lectura":"2 minutos"},"schema":{"@context":"https:\/\/schema.org","@graph":[{"@type":"WebPage","@id":"https:\/\/catalanfood.com\/latam\/recipe\/fricando\/","url":"https:\/\/catalanfood.com\/latam\/recipe\/fricando\/","name":"Fricand\u00f3 | Catalan Food Latam","isPartOf":{"@id":"https:\/\/catalanfood.com\/latam\/#website"},"primaryImageOfPage":{"@id":"https:\/\/catalanfood.com\/latam\/recipe\/fricando\/#primaryimage"},"image":{"@id":"https:\/\/catalanfood.com\/latam\/recipe\/fricando\/#primaryimage"},"thumbnailUrl":"https:\/\/catalanfood.com\/latam\/wp-content\/uploads\/sites\/6\/2024\/06\/fricando-catalanfood.webp","datePublished":"2024-06-14T18:01:10+00:00","dateModified":"2025-03-07T16:03:01+00:00","breadcrumb":{"@id":"https:\/\/catalanfood.com\/latam\/recipe\/fricando\/#breadcrumb"},"inLanguage":"es","potentialAction":[{"@type":"ReadAction","target":["https:\/\/catalanfood.com\/latam\/recipe\/fricando\/"]}]},{"@type":"ImageObject","inLanguage":"es","@id":"https:\/\/catalanfood.com\/latam\/recipe\/fricando\/#primaryimage","url":"https:\/\/catalanfood.com\/latam\/wp-content\/uploads\/sites\/6\/2024\/06\/fricando-catalanfood.webp","contentUrl":"https:\/\/catalanfood.com\/latam\/wp-content\/uploads\/sites\/6\/2024\/06\/fricando-catalanfood.webp","width":800,"height":600,"caption":"Fricando catalanfood"},{"@type":"BreadcrumbList","@id":"https:\/\/catalanfood.com\/latam\/recipe\/fricando\/#breadcrumb","itemListElement":[{"@type":"ListItem","position":1,"name":"Home","item":"https:\/\/catalanfood.com\/latam\/"},{"@type":"ListItem","position":2,"name":"Fricand\u00f3"}]},{"@type":"WebSite","@id":"https:\/\/catalanfood.com\/latam\/#website","url":"https:\/\/catalanfood.com\/latam\/","name":"Catalan Food Latam","description":"","potentialAction":[{"@type":"SearchAction","target":{"@type":"EntryPoint","urlTemplate":"https:\/\/catalanfood.com\/latam\/?s={search_term_string}"},"query-input":{"@type":"PropertyValueSpecification","valueRequired":true,"valueName":"search_term_string"}}],"inLanguage":"es"}]}},"_links":{"self":[{"href":"https:\/\/catalanfood.com\/latam\/wp-json\/wp\/v2\/recipe\/4973","targetHints":{"allow":["GET"]}}],"collection":[{"href":"https:\/\/catalanfood.com\/latam\/wp-json\/wp\/v2\/recipe"}],"about":[{"href":"https:\/\/catalanfood.com\/latam\/wp-json\/wp\/v2\/types\/recipe"}],"version-history":[{"count":5,"href":"https:\/\/catalanfood.com\/latam\/wp-json\/wp\/v2\/recipe\/4973\/revisions"}],"predecessor-version":[{"id":7393,"href":"https:\/\/catalanfood.com\/latam\/wp-json\/wp\/v2\/recipe\/4973\/revisions\/7393"}],"wp:featuredmedia":[{"embeddable":true,"href":"https:\/\/catalanfood.com\/latam\/wp-json\/wp\/v2\/media\/4991"}],"wp:attachment":[{"href":"https:\/\/catalanfood.com\/latam\/wp-json\/wp\/v2\/media?parent=4973"}],"curies":[{"name":"wp","href":"https:\/\/api.w.org\/{rel}","templated":true}]}}

Fricandó

<p>La cocina catalana no es conocida por grandes aportaciones a la cocina de la carne de buey, sin recetas como el boeuf bourguignon que pasen a la historia. Sin embargo, ha sabido transformar carnes picantes y humildes con mala fama -como la falda- en guisos que siguen dando que hablar por combinar horas de cocción lenta, un chorrito de vino, el aroma de las especias y una picada deliciosa. Los primeros escritos sobre el fricandó datan del siglo XVIII, pero sus antecedentes se remontan a la Edad Media.</p>



<p><strong>Platillos</strong><br>En Cataluña, los platillos son un conjunto de recetas casi extinguidas que antaño engalanaban las celebraciones de las fiestas mayores. Estas ceremoniosas recetas se preparaban el día anterior con carne de ternera, menudillos, sofritos y picadas, todo ello cocinado muy lentamente. Los platillos solían servirse acompañados de verduras o setas, así como de un buen trozo de pan para mojar en el guiso. El fricandó es uno de estos platillos.</p>



<h3 class="wp-block-heading">HISTORIA</h3>



<p><strong>¿Qué son las Festes Majors?</strong><br>Las Festes Majors son celebraciones anuales en las que cada pueblo festeja a su patrón o celebra un momento importante de su historia o tradición. Las Festes Majors son fiestas callejeras informales meticulosamente planificadas a lo largo del año por los vecinos de las asociaciones de vecinos. Se encargan de decorar las calles principales y de organizar eventos con artistas y comercios locales. Es una oportunidad para pasar tiempo con la comunidad de vecinos, lo que contribuye a crear el ambiente festivo e informal que caracteriza a estos eventos.</p>

<!-- This site is optimized with the Yoast SEO plugin v27.1.1 - https://yoast.com/product/yoast-seo-wordpress/ -->
<title>Fricandó | Catalan Food Latam</title>
<meta name="robots" content="index, follow, max-snippet:-1, max-image-preview:large, max-video-preview:-1" />
<link rel="canonical" href="https://catalanfood.com/latam/recipe/fricando/" />
<meta property="og:locale" content="es_ES" />
<meta property="og:type" content="article" />
<meta property="og:title" content="Fricandó | Catalan Food Latam" />
<meta property="og:description" content="La cocina catalana no es conocida por grandes aportaciones a la cocina de la carne de buey, sin recetas como el boeuf bourguignon que pasen a la historia." />
<meta property="og:url" content="https://catalanfood.com/latam/recipe/fricando/" />
<meta property="og:site_name" content="Catalan Food Latam" />
<meta property="article:modified_time" content="2025-03-07T16:03:01+00:00" />
<meta property="og:image" content="https://catalanfood.com/latam/wp-content/uploads/sites/6/2024/06/fricando-catalanfood.webp" />
	<meta property="og:image:width" content="800" />
	<meta property="og:image:height" content="600" />
	<meta property="og:image:type" content="image/webp" />
<meta name="twitter:card" content="summary_large_image" />
<meta name="twitter:label1" content="Tiempo de lectura" />
	<meta name="twitter:data1" content="2 minutos" />
<script type="application/ld+json" class="yoast-schema-graph">{"@context":"https://schema.org","@graph":[{"@type":"WebPage","@id":"https://catalanfood.com/latam/recipe/fricando/","url":"https://catalanfood.com/latam/recipe/fricando/","name":"Fricandó | Catalan Food Latam","isPartOf":{"@id":"https://catalanfood.com/latam/#website"},"primaryImageOfPage":{"@id":"https://catalanfood.com/latam/recipe/fricando/#primaryimage"},"image":{"@id":"https://catalanfood.com/latam/recipe/fricando/#primaryimage"},"thumbnailUrl":"https://catalanfood.com/latam/wp-content/uploads/sites/6/2024/06/fricando-catalanfood.webp","datePublished":"2024-06-14T18:01:10+00:00","dateModified":"2025-03-07T16:03:01+00:00","breadcrumb":{"@id":"https://catalanfood.com/latam/recipe/fricando/#breadcrumb"},"inLanguage":"es","potentialAction":[{"@type":"ReadAction","target":["https://catalanfood.com/latam/recipe/fricando/"]}]},{"@type":"ImageObject","inLanguage":"es","@id":"https://catalanfood.com/latam/recipe/fricando/#primaryimage","url":"https://catalanfood.com/latam/wp-content/uploads/sites/6/2024/06/fricando-catalanfood.webp","contentUrl":"https://catalanfood.com/latam/wp-content/uploads/sites/6/2024/06/fricando-catalanfood.webp","width":800,"height":600,"caption":"Fricando catalanfood"},{"@type":"BreadcrumbList","@id":"https://catalanfood.com/latam/recipe/fricando/#breadcrumb","itemListElement":[{"@type":"ListItem","position":1,"name":"Home","item":"https://catalanfood.com/latam/"},{"@type":"ListItem","position":2,"name":"Fricandó"}]},{"@type":"WebSite","@id":"https://catalanfood.com/latam/#website","url":"https://catalanfood.com/latam/","name":"Catalan Food Latam","description":"","potentialAction":[{"@type":"SearchAction","target":{"@type":"EntryPoint","urlTemplate":"https://catalanfood.com/latam/?s={search_term_string}"},"query-input":{"@type":"PropertyValueSpecification","valueRequired":true,"valueName":"search_term_string"}}],"inLanguage":"es"}]}</script>
<!-- / Yoast SEO plugin. -->

Fricandó | Catalan Food Latam
