{"id":5944,"date":"2024-09-06T17:26:18","date_gmt":"2024-09-06T15:26:18","guid":{"rendered":"https:\/\/catalanfood.us\/?p=5271"},"modified":"2025-01-07T19:22:05","modified_gmt":"2025-01-07T18:22:05","slug":"aceitunas-perello","status":"publish","type":"company","link":"https:\/\/catalanfood.com\/us\/company\/aceitunas-perello\/","title":{"rendered":"Brindisa Int"},"content":{"rendered":"<p>&#8220;Ferrer \u00e9s un dels l\u00edders de mercat nacional en el sector de l&#8217;alimentaci\u00f3 i destaca per l\u2019elevada qualitat dels seus aliments, per la tradici\u00f3 de les seves receptes de car\u00e0cter mediterrani i per la seva cerca constant de la innovaci\u00f3 en totes les seves \u00e0rees i productes. L\u2019empresa, que va comen\u00e7ar amb la producci\u00f3 de bolets, ha anat creixent i consolidant noves l\u00ednies de productes, fins a arribar a tenir en l\u2019actualitat un ampli cat\u00e0leg que inclou salses, cremes i brous, llegums i conserves vegetals.&#8221;<\/p>\n","protected":false},"featured_media":5273,"template":"","meta":{"_acf_changed":true},"about-product":[45],"companies":[42,59],"class_list":["post-5944","company","type-company","status-publish","has-post-thumbnail","hentry","about-product-all","companies-all","companies-olives-pickled-food"],"acf":[],"yoast_head":"<!-- This site is optimized with the Yoast SEO plugin v27.1.1 - https:\/\/yoast.com\/product\/yoast-seo-wordpress\/ -->\n<title>Brindisa Int | Catalan Food US<\/title>\n<meta name=\"robots\" content=\"index, follow, max-snippet:-1, max-image-preview:large, max-video-preview:-1\" \/>\n<link rel=\"canonical\" href=\"https:\/\/catalanfood.com\/us\/company\/aceitunas-perello\/\" \/>\n<meta property=\"og:locale\" content=\"en_US\" \/>\n<meta property=\"og:type\" content=\"article\" \/>\n<meta property=\"og:title\" content=\"Brindisa Int | Catalan Food US\" \/>\n<meta property=\"og:description\" content=\"&#8220;Ferrer \u00e9s un dels l\u00edders de mercat nacional en el sector de l&#8217;alimentaci\u00f3 i destaca per l\u2019elevada qualitat dels seus aliments, per la tradici\u00f3 de les seves receptes de car\u00e0cter mediterrani i per la seva cerca constant de la innovaci\u00f3 en totes les seves \u00e0rees i productes. L\u2019empresa, que va comen\u00e7ar amb la producci\u00f3 de [&hellip;]\" \/>\n<meta property=\"og:url\" content=\"https:\/\/catalanfood.com\/us\/company\/aceitunas-perello\/\" \/>\n<meta property=\"og:site_name\" content=\"Catalan Food US\" \/>\n<meta property=\"article:modified_time\" content=\"2025-01-07T18:22:05+00:00\" \/>\n<meta property=\"og:image\" content=\"https:\/\/catalanfood.com\/us\/wp-content\/uploads\/sites\/2\/2024\/09\/aceitunas-y-encurtios-perello-catalanfood.webp\" \/>\n\t<meta property=\"og:image:width\" content=\"300\" \/>\n\t<meta property=\"og:image:height\" content=\"300\" \/>\n\t<meta property=\"og:image:type\" content=\"image\/webp\" \/>\n<meta name=\"twitter:card\" content=\"summary_large_image\" \/>\n<meta name=\"twitter:label1\" content=\"Est. reading time\" \/>\n\t<meta name=\"twitter:data1\" content=\"1 minute\" \/>\n<script type=\"application\/ld+json\" class=\"yoast-schema-graph\">{\"@context\":\"https:\/\/schema.org\",\"@graph\":[{\"@type\":\"WebPage\",\"@id\":\"https:\/\/catalanfood.com\/us\/company\/aceitunas-perello\/\",\"url\":\"https:\/\/catalanfood.com\/us\/company\/aceitunas-perello\/\",\"name\":\"Brindisa Int | Catalan Food US\",\"isPartOf\":{\"@id\":\"https:\/\/catalanfood.com\/us\/#website\"},\"primaryImageOfPage\":{\"@id\":\"https:\/\/catalanfood.com\/us\/company\/aceitunas-perello\/#primaryimage\"},\"image\":{\"@id\":\"https:\/\/catalanfood.com\/us\/company\/aceitunas-perello\/#primaryimage\"},\"thumbnailUrl\":\"https:\/\/catalanfood.com\/us\/wp-content\/uploads\/sites\/2\/2024\/09\/aceitunas-y-encurtios-perello-catalanfood.webp\",\"datePublished\":\"2024-09-06T15:26:18+00:00\",\"dateModified\":\"2025-01-07T18:22:05+00:00\",\"breadcrumb\":{\"@id\":\"https:\/\/catalanfood.com\/us\/company\/aceitunas-perello\/#breadcrumb\"},\"inLanguage\":\"en-US\",\"potentialAction\":[{\"@type\":\"ReadAction\",\"target\":[\"https:\/\/catalanfood.com\/us\/company\/aceitunas-perello\/\"]}]},{\"@type\":\"ImageObject\",\"inLanguage\":\"en-US\",\"@id\":\"https:\/\/catalanfood.com\/us\/company\/aceitunas-perello\/#primaryimage\",\"url\":\"https:\/\/catalanfood.com\/us\/wp-content\/uploads\/sites\/2\/2024\/09\/aceitunas-y-encurtios-perello-catalanfood.webp\",\"contentUrl\":\"https:\/\/catalanfood.com\/us\/wp-content\/uploads\/sites\/2\/2024\/09\/aceitunas-y-encurtios-perello-catalanfood.webp\",\"width\":300,\"height\":300,\"caption\":\"Aceitunas y encurtios perello catalanfood\"},{\"@type\":\"BreadcrumbList\",\"@id\":\"https:\/\/catalanfood.com\/us\/company\/aceitunas-perello\/#breadcrumb\",\"itemListElement\":[{\"@type\":\"ListItem\",\"position\":1,\"name\":\"Home\",\"item\":\"https:\/\/catalanfood.com\/us\/\"},{\"@type\":\"ListItem\",\"position\":2,\"name\":\"Brindisa Int\"}]},{\"@type\":\"WebSite\",\"@id\":\"https:\/\/catalanfood.com\/us\/#website\",\"url\":\"https:\/\/catalanfood.com\/us\/\",\"name\":\"Catalan Food US\",\"description\":\"\",\"potentialAction\":[{\"@type\":\"SearchAction\",\"target\":{\"@type\":\"EntryPoint\",\"urlTemplate\":\"https:\/\/catalanfood.com\/us\/?s={search_term_string}\"},\"query-input\":{\"@type\":\"PropertyValueSpecification\",\"valueRequired\":true,\"valueName\":\"search_term_string\"}}],\"inLanguage\":\"en-US\"}]}<\/script>\n<!-- \/ Yoast SEO plugin. -->","yoast_head_json":{"title":"Brindisa Int | Catalan Food US","robots":{"index":"index","follow":"follow","max-snippet":"max-snippet:-1","max-image-preview":"max-image-preview:large","max-video-preview":"max-video-preview:-1"},"canonical":"https:\/\/catalanfood.com\/us\/company\/aceitunas-perello\/","og_locale":"en_US","og_type":"article","og_title":"Brindisa Int | Catalan Food US","og_description":"&#8220;Ferrer \u00e9s un dels l\u00edders de mercat nacional en el sector de l&#8217;alimentaci\u00f3 i destaca per l\u2019elevada qualitat dels seus aliments, per la tradici\u00f3 de les seves receptes de car\u00e0cter mediterrani i per la seva cerca constant de la innovaci\u00f3 en totes les seves \u00e0rees i productes. L\u2019empresa, que va comen\u00e7ar amb la producci\u00f3 de [&hellip;]","og_url":"https:\/\/catalanfood.com\/us\/company\/aceitunas-perello\/","og_site_name":"Catalan Food US","article_modified_time":"2025-01-07T18:22:05+00:00","og_image":[{"width":300,"height":300,"url":"https:\/\/catalanfood.com\/us\/wp-content\/uploads\/sites\/2\/2024\/09\/aceitunas-y-encurtios-perello-catalanfood.webp","type":"image\/webp"}],"twitter_card":"summary_large_image","twitter_misc":{"Est. reading time":"1 minute"},"schema":{"@context":"https:\/\/schema.org","@graph":[{"@type":"WebPage","@id":"https:\/\/catalanfood.com\/us\/company\/aceitunas-perello\/","url":"https:\/\/catalanfood.com\/us\/company\/aceitunas-perello\/","name":"Brindisa Int | Catalan Food US","isPartOf":{"@id":"https:\/\/catalanfood.com\/us\/#website"},"primaryImageOfPage":{"@id":"https:\/\/catalanfood.com\/us\/company\/aceitunas-perello\/#primaryimage"},"image":{"@id":"https:\/\/catalanfood.com\/us\/company\/aceitunas-perello\/#primaryimage"},"thumbnailUrl":"https:\/\/catalanfood.com\/us\/wp-content\/uploads\/sites\/2\/2024\/09\/aceitunas-y-encurtios-perello-catalanfood.webp","datePublished":"2024-09-06T15:26:18+00:00","dateModified":"2025-01-07T18:22:05+00:00","breadcrumb":{"@id":"https:\/\/catalanfood.com\/us\/company\/aceitunas-perello\/#breadcrumb"},"inLanguage":"en-US","potentialAction":[{"@type":"ReadAction","target":["https:\/\/catalanfood.com\/us\/company\/aceitunas-perello\/"]}]},{"@type":"ImageObject","inLanguage":"en-US","@id":"https:\/\/catalanfood.com\/us\/company\/aceitunas-perello\/#primaryimage","url":"https:\/\/catalanfood.com\/us\/wp-content\/uploads\/sites\/2\/2024\/09\/aceitunas-y-encurtios-perello-catalanfood.webp","contentUrl":"https:\/\/catalanfood.com\/us\/wp-content\/uploads\/sites\/2\/2024\/09\/aceitunas-y-encurtios-perello-catalanfood.webp","width":300,"height":300,"caption":"Aceitunas y encurtios perello catalanfood"},{"@type":"BreadcrumbList","@id":"https:\/\/catalanfood.com\/us\/company\/aceitunas-perello\/#breadcrumb","itemListElement":[{"@type":"ListItem","position":1,"name":"Home","item":"https:\/\/catalanfood.com\/us\/"},{"@type":"ListItem","position":2,"name":"Brindisa Int"}]},{"@type":"WebSite","@id":"https:\/\/catalanfood.com\/us\/#website","url":"https:\/\/catalanfood.com\/us\/","name":"Catalan Food US","description":"","potentialAction":[{"@type":"SearchAction","target":{"@type":"EntryPoint","urlTemplate":"https:\/\/catalanfood.com\/us\/?s={search_term_string}"},"query-input":{"@type":"PropertyValueSpecification","valueRequired":true,"valueName":"search_term_string"}}],"inLanguage":"en-US"}]}},"_links":{"self":[{"href":"https:\/\/catalanfood.com\/us\/wp-json\/wp\/v2\/company\/5944","targetHints":{"allow":["GET"]}}],"collection":[{"href":"https:\/\/catalanfood.com\/us\/wp-json\/wp\/v2\/company"}],"about":[{"href":"https:\/\/catalanfood.com\/us\/wp-json\/wp\/v2\/types\/company"}],"wp:featuredmedia":[{"embeddable":true,"href":"https:\/\/catalanfood.com\/us\/wp-json\/wp\/v2\/media\/5273"}],"wp:attachment":[{"href":"https:\/\/catalanfood.com\/us\/wp-json\/wp\/v2\/media?parent=5944"}],"wp:term":[{"taxonomy":"about-product","embeddable":true,"href":"https:\/\/catalanfood.com\/us\/wp-json\/wp\/v2\/about-product?post=5944"},{"taxonomy":"companies","embeddable":true,"href":"https:\/\/catalanfood.com\/us\/wp-json\/wp\/v2\/companies?post=5944"}],"curies":[{"name":"wp","href":"https:\/\/api.w.org\/{rel}","templated":true}]}}

<p>&#8220;Ferrer és un dels líders de mercat nacional en el sector de l&#8217;alimentació i destaca per l’elevada qualitat dels seus aliments, per la tradició de les seves receptes de caràcter mediterrani i per la seva cerca constant de la innovació en totes les seves àrees i productes. L’empresa, que va començar amb la producció de bolets, ha anat creixent i consolidant noves línies de productes, fins a arribar a tenir en l’actualitat un ampli catàleg que inclou salses, cremes i brous, llegums i conserves vegetals.&#8221;</p>

<!-- This site is optimized with the Yoast SEO plugin v27.1.1 - https://yoast.com/product/yoast-seo-wordpress/ -->
<title>Brindisa Int | Catalan Food US</title>
<meta name="robots" content="index, follow, max-snippet:-1, max-image-preview:large, max-video-preview:-1" />
<link rel="canonical" href="https://catalanfood.com/us/company/aceitunas-perello/" />
<meta property="og:locale" content="en_US" />
<meta property="og:type" content="article" />
<meta property="og:title" content="Brindisa Int | Catalan Food US" />
<meta property="og:description" content="&#8220;Ferrer és un dels líders de mercat nacional en el sector de l&#8217;alimentació i destaca per l’elevada qualitat dels seus aliments, per la tradició de les seves receptes de caràcter mediterrani i per la seva cerca constant de la innovació en totes les seves àrees i productes. L’empresa, que va començar amb la producció de [&hellip;]" />
<meta property="og:url" content="https://catalanfood.com/us/company/aceitunas-perello/" />
<meta property="og:site_name" content="Catalan Food US" />
<meta property="article:modified_time" content="2025-01-07T18:22:05+00:00" />
<meta property="og:image" content="https://catalanfood.com/us/wp-content/uploads/sites/2/2024/09/aceitunas-y-encurtios-perello-catalanfood.webp" />
	<meta property="og:image:width" content="300" />
	<meta property="og:image:height" content="300" />
	<meta property="og:image:type" content="image/webp" />
<meta name="twitter:card" content="summary_large_image" />
<meta name="twitter:label1" content="Est. reading time" />
	<meta name="twitter:data1" content="1 minute" />
<script type="application/ld+json" class="yoast-schema-graph">{"@context":"https://schema.org","@graph":[{"@type":"WebPage","@id":"https://catalanfood.com/us/company/aceitunas-perello/","url":"https://catalanfood.com/us/company/aceitunas-perello/","name":"Brindisa Int | Catalan Food US","isPartOf":{"@id":"https://catalanfood.com/us/#website"},"primaryImageOfPage":{"@id":"https://catalanfood.com/us/company/aceitunas-perello/#primaryimage"},"image":{"@id":"https://catalanfood.com/us/company/aceitunas-perello/#primaryimage"},"thumbnailUrl":"https://catalanfood.com/us/wp-content/uploads/sites/2/2024/09/aceitunas-y-encurtios-perello-catalanfood.webp","datePublished":"2024-09-06T15:26:18+00:00","dateModified":"2025-01-07T18:22:05+00:00","breadcrumb":{"@id":"https://catalanfood.com/us/company/aceitunas-perello/#breadcrumb"},"inLanguage":"en-US","potentialAction":[{"@type":"ReadAction","target":["https://catalanfood.com/us/company/aceitunas-perello/"]}]},{"@type":"ImageObject","inLanguage":"en-US","@id":"https://catalanfood.com/us/company/aceitunas-perello/#primaryimage","url":"https://catalanfood.com/us/wp-content/uploads/sites/2/2024/09/aceitunas-y-encurtios-perello-catalanfood.webp","contentUrl":"https://catalanfood.com/us/wp-content/uploads/sites/2/2024/09/aceitunas-y-encurtios-perello-catalanfood.webp","width":300,"height":300,"caption":"Aceitunas y encurtios perello catalanfood"},{"@type":"BreadcrumbList","@id":"https://catalanfood.com/us/company/aceitunas-perello/#breadcrumb","itemListElement":[{"@type":"ListItem","position":1,"name":"Home","item":"https://catalanfood.com/us/"},{"@type":"ListItem","position":2,"name":"Brindisa Int"}]},{"@type":"WebSite","@id":"https://catalanfood.com/us/#website","url":"https://catalanfood.com/us/","name":"Catalan Food US","description":"","potentialAction":[{"@type":"SearchAction","target":{"@type":"EntryPoint","urlTemplate":"https://catalanfood.com/us/?s={search_term_string}"},"query-input":{"@type":"PropertyValueSpecification","valueRequired":true,"valueName":"search_term_string"}}],"inLanguage":"en-US"}]}</script>
<!-- / Yoast SEO plugin. -->

&#8220;Ferrer és un dels líders de mercat nacional en el sector de l&#8217;alimentació i destaca per l’elevada qualitat dels seus aliments, per la tradició de les seves receptes de caràcter mediterrani i per la seva cerca constant de la innovació en totes les seves àrees i productes. L’empresa, que va començar amb la producció de [&hellip;]
